31106624?
-31106632
In base 11, what is 12908640 - 4?
12908637
In base 7, what is -65 - 4055402?
-4055500
In base 9, what is 143606 - 3250?
140346
In base 7, what is 136 + 2136236?
2136405
In base 5, what is 13131 + 131311204?
131324340
In base 16, what is 37 + -1946?
-190f
In base 4, what is -22203023 - -11001?
-22132022
In base 16, what is -87 + -28c095?
-28c11c
In base 5, what is 14401 + -404414?
-340013
In base 7, what is -51326416 + 130?
-51326256
In base 4, what is 10 - -32030110222?
32030110232
In base 6, what is 4320005 + 12350?
4332355
In base 11, what is -568 - 3103?
-3670
In base 16, what is 19dbd + 9?
19dc6
In base 14, what is -10891dc6 + 4?
-10891dc2
In base 6, what is -2 - -4331315321?
4331315315
In base 7, what is 26 - 1364033?
-1364004
In base 5, what is 2 - -11421343044?
11421343101
In base 8, what is -1341022 - 67?
-1341111
In base 2, what is 10 - 1001010011111111001101001?
-1001010011111111001100111
In base 10, what is 85133 - 19983?
65150
In base 15, what is c302 + -9?
c2e8
In base 11, what is -7 + -18693471?
-18693478
In base 9, what is 0 - -6864647?
6864647
In base 10, what is -6 - -1616934?
1616928
In base 9, what is -1868001157 - -4?
-1868001153
In base 3, what is 1211211211111022 + -11?
1211211211111011
In base 14, what is -5 - 566a28?
-566a2d
In base 7, what is -14 - 3210362?
-3210406
In base 12, what is 13 - -1498212?
1498225
In base 2, what is 10 + -100001011110110000100?
-100001011110110000010
In base 12, what is 0 - 89837?
-89837
In base 5, what is 10 + 10011300012?
10011300022
In base 7, what is 360412012 - -3?
360412015
In base 6, what is 2041 + -3214415?
-3212334
In base 8, what is -637605 - -10?
-637575
In base 6, what is 35202 + 502054?
541300
In base 5, what is 13 + 41103122?
41103140
In base 8, what is 7024032 - -4?
7024036
In base 9, what is 101 + 2221124?
2221225
In base 15, what is -de64 + bca?
-d289
In base 13, what is -29 - -1330c47?
1330c1b
In base 3, what is 10211121021220 - 11?
10211121021202
In base 10, what is 363568 - -346?
363914
In base 9, what is 317083 + -45?
317037
In base 4, what is -10122123301 + -3?
-10122123310
In base 3, what is 100221202 + 12000021?
112222000
In base 2, what is 110010001 + 100111111010?
101110001011
In base 6, what is 0 - -101532312?
101532312
In base 2, what is -1000011100110111101 + -10000011?
-1000011101001000000
In base 5, what is -3400201 - -4102?
-3341044
In base 16, what is 78 - -a857?
a8cf
In base 9, what is -1 + -6170175?
-6170176
In base 5, what is -4232024 + -1344?
-4233423
In base 10, what is 3582916 - 78?
3582838
In base 13, what is -3936a69 + 3?
-3936a66
In base 7, what is 2 - 21362656?
-21362654
In base 6, what is -30551453 + 0?
-30551453
In base 16, what is 3147849 + 5?
314784e
In base 3, what is -11 - -212202112122?
212202112111
In base 16, what is -3ed21266 + 5?
-3ed21261
In base 7, what is 0 + -2340144601?
-2340144601
In base 4, what is 0 - -21201201112?
21201201112
In base 11, what is 3 - -482a69?
482a71
In base 15, what is -ed7c5ee - -3?
-ed7c5eb
In base 3, what is -2110 + -2011000122100?
-2011000201210
In base 12, what is 10bb13b2 - -6?
10bb13b8
In base 8, what is 120437 + -5155?
113262
In base 4, what is -330 - -323203112?
323202122
In base 7, what is -3162600 + 3046?
-3156521
In base 5, what is -124204111 + -1304?
-124210420
In base 8, what is 46 + -2134333?
-2134265
In base 2, what is 111011111 + -10111110001100?
-10110110101101
In base 9, what is -14220750 - -11?
-14220738
In base 13, what is -94c6433 - 5?
-94c6438
In base 2, what is -1001011101 - 100001111?
-1101101100
In base 11, what is 70558 - 139?
7041a
In base 7, what is -23421 - 265?
-24016
In base 9, what is 3435463 + -4?
3435458
In base 6, what is 53453 + 2252?
100145
In base 4, what is 10303203123320 - 1?
10303203123313
In base 13, what is 2 - 149b2c10?
-149b2c0b
In base 11, what is 3670867 + 59?
3670915
In base 9, what is 12 - -686272?
686284
In base 13, what is 9 - 42997?
-4298b
In base 11, what is -538a161 - -8?
-538a154
In base 16, what is -4 - 155b26?
-155b2a
In base 14, what is 1209 + 1017?
2222
In base 11, what is 51 - 15327?
-15286
In base 4, what is 3 + -12230011332?
-12230011323
In base 14, what is -816 + a37?
221
In base 6, what is -24330154 + -10?
-24330204
In base 2, what is 11011010 - 11110100100101?
-11110001001011
In base 9, what is 71 - -3652560?
3652641
In base 16, what is -4d08 + -2979?
-7681
In base 9, what is 26517 + -18814?
6603
In base 4, what is -110312112312 + 0?
-110312112312
In base 11, what is -1a62 + 20550?
19599
In base 12, what is 65a309 - -a?
65a317
In base 10, what is -2 + 1672985?
1672983
In base 2, what is 1010 + 111000101110110110101011?
111000101110110110110101
In base 10, what is -1 + 24097305?
24097304
In base 11, what is -21 - 1649473?
-1649494
In base 13, what is -889 + 3c91c?
3c063
In base 3, what is -2101 + 102100212111?
102100210010
In base 2, what is -1010110010 + -10001100110000?
-10010111100010
In base 5, what is -342231 + -334020?
-1231301
In base 6, what is -24 + 150410041?
150410013
In base 7, what is -255 - -434112?
433524
In base 3, what is -100 - 2001012021212?
-2001012022012
In base 14, what is 10 - 83a9410?
-83a9400
In base 6, what is 1530141 + -21?
1530120
In base 12, what is -14bb1b584 - -3?
-14bb1b581
In base 4, what is 0 + 1330322100?
1330322100
In base 16, what is -2ce3d + -247?
-2d084
In base 4, what is 100 - 2222300223010?
-2222300222310
In base 12, what is 5 - 1828676?
-1828671
In base 9, what is -122 + 803737?
803615
In base 9, what is 72864603 - 5?
72864587
In base 2, what is 100001 - -101011100111001001?
101011100111101010
In base 7, what is -6 + -253244135?
-253244144
In base 12, what is 65 - a12450?
-a123a7
In base 13, what is 165459 + 2?
16545b
In base 10, what is 2 - 27853?
-27851
In base 2, what is 1011100000010011100001 - -1?
1011100000010011100010
In base 12, what is 205509 + 53?
205560
In base 15, what is -1b + 19c66?
19c4a
In base 14, what is 0 - 23a30b?
-23a30b
In base 5, what is -1301033002 + 1?
-1301033001
In base 12, what is b2 + 10574b?
105841
In base 7, what is -45 + -624346?
-624424
In base 10, what is -25 + 6246708?
6246683
In base 6, what is -255441044 + 1?
-255441043
In base 3, what is -22102101 + 1000100000?
200220122
In base 6, what is -4 - -5055323003?
5055322555
In base 7, what is 113000360 + 20?
113000410
In base 15, what is -12a + 12b9c?
12a72
In base 10, what is 1671613211 - 1?
1671613210
In base 14, what is 3cbba1 - -3c?
3cbbdd
In base 5, what is -30 - 121010213?
-121010243
In base 15, what is eab4 - 362?
e752
In base 4, what is 102 - 1133131311210?
-1133131311102
In base 15, what is 574 - 76d?
-1e9
In base 9, what is 2 + -8850148?
-8850146
In base 10, what is 1 + -16755402?
-16755401
In base 10, what is 2187970 - 2?
2187968
In base 14, what is -60d + 957a?
8d6b
In base 3, what is -10 - 2000102110002110?
-2000102110002120
In base 2, what is -10000000101111011111000000010 - 1?
-10000000101111011111000000011
In base 8, what is -2000 - 1653?
-3653
In base 5, what is 4 - 4213111101?
-4213111042
In base 13, what is 1386 + -a85?
601
In base 10, what is -909 - 20875?
-21784
In base 12, what is -1 + 1bb3a14?
1bb3a13
In base 16, what is 1c - 3323e2?
-3323c6
In base 9, what is -5357 - -6513?
1145
In base 15, what is -1 + 574918?
574917
In base 11, what is -703453 - 7?
-70345a
In base 10, what is 614647 + 9?
614656
In base 5, what is 11212 - 1332004?
-1320242
In base 7, what is 2 - -36463102?
36463104
In base 13, what is 254a90 - -14?
254aa4
In base 5, what is 20303430 - 404?
20303021
In base 12, what is -203a - -46592?
44554
In base 14, what is 1299 + 1ad2?
2d8b
In base 3, what is 12 + 10112011210102212?
10112011210110001
In base 4, what is -2223 + 23120202131?
23120133302
In base 12, what is -23 - 24b0897?
-24b08ba
In base 7, what is -1554416243 + 5?
-1554416235
In base 5, what is 114 + 22112101120?
22112101234
In base 13, what is 36bb8004 - -3?
36bb8007
In base 13, what is 130567 + ab1?
131348
In base 16, what is -187c + -c012?
-d88e
In base 4, what is -12100 - -301023101?
301011001
In base 7, what is -36 + -3010?
-3046
In base 12, what is 65531b35 + 3?
65531b38
In base 5, what is -124112 + 1433213?
1304101
In base 5, what is -333004 + 3031?
-324423
In base 11, what is -6 + 1a723?
1a718
In base 